{"id":121,"date":"2023-06-03T20:02:55","date_gmt":"2023-06-03T20:02:55","guid":{"rendered":"http:\/\/wanderfreunde-rhein-sieg.info\/?page_id=121"},"modified":"2025-12-29T09:45:37","modified_gmt":"2025-12-29T09:45:37","slug":"mitgliedschaft","status":"publish","type":"page","link":"https:\/\/wanderfreunde-rhein-sieg.info\/?page_id=121","title":{"rendered":"Mitgliedschaft"},"content":{"rendered":"\t\t<div data-elementor-type=\"wp-page\" data-elementor-id=\"121\" class=\"elementor elementor-121\">\n\t\t\t\t\t\t<section class=\"elementor-section elementor-top-section elementor-element elementor-element-da9977e elementor-section-boxed elementor-section-height-default elementor-section-height-default\" data-id=\"da9977e\" data-element_type=\"section\" data-e-type=\"section\">\n\t\t\t\t\t\t<div class=\"elementor-container elementor-column-gap-default\">\n\t\t\t\t\t<div class=\"elementor-column elementor-col-100 elementor-top-column elementor-element elementor-element-e249d37\" data-id=\"e249d37\" data-element_type=\"column\" data-e-type=\"column\">\n\t\t\t<div class=\"elementor-widget-wrap elementor-element-populated\">\n\t\t\t\t\t\t<div class=\"elementor-element elementor-element-2cffb7e elementor-widget__width-initial elementor-widget elementor-widget-text-editor\" data-id=\"2cffb7e\" data-element_type=\"widget\" data-e-type=\"widget\" data-widget_type=\"text-editor.default\">\n\t\t\t\t<div class=\"elementor-widget-container\">\n\t\t\t\t\t\t\t\t\t<p><span style=\"color: var( --e-global-color-text ); font-family: var( --e-global-typography-text-font-family ), Sans-serif; font-weight: var( --e-global-typography-text-font-weight ); font-size: 1rem;\">Die<\/span><span style=\"color: var( --e-global-color-text ); font-family: var( --e-global-typography-text-font-family ), Sans-serif; font-size: 1rem;\"><b> Mitgliedschaft<\/b><\/span><span style=\"color: var( --e-global-color-text ); font-family: var( --e-global-typography-text-font-family ), Sans-serif; font-weight: var( --e-global-typography-text-font-weight ); font-size: 1rem;\"> wird auf schriftlichen Antrag durch Beschluss des Vorstandes erworben.<\/span><\/p><p>Der Jahresbeitrag f\u00fcr Einzelmitglieder betr\u00e4gt ab dem\u00a0 1.1.2026 36 \u20ac und f\u00fcr Ehepaare bzw. in ehe\u00e4hnlicher Gemeinschaft lebende Paare 60 \u20ac. Der Beitrag wird zu Beginn des Jahres per Lastschriftverfahren eingezogen. Erfolgt der Beitritt nach dem 30. Juni, so erm\u00e4\u00dfigt sich der Jahresbeitrag im Beitrittsjahr auf die H\u00e4lfte des Beitragssatzes.<\/p><p><strong>G\u00e4ste<\/strong> sind jederzeit willkommen. Von G\u00e4sten wird ein Kostenbeitrag von 5 \u20ac je Wanderung erhoben. Dieser Beitrag dient der Beteiligung an den Kosten, die dem Verein f\u00fcr Vorbereitung und Durchf\u00fchrung von Wanderungen entstehen.\u00a0<\/p>\t\t\t\t\t\t\t\t<\/div>\n\t\t\t\t<\/div>\n\t\t\t\t\t<\/div>\n\t\t<\/div>\n\t\t\t\t\t<\/div>\n\t\t<\/section>\n\t\t\t\t<section class=\"elementor-section elementor-top-section elementor-element elementor-element-dbe1281 elementor-section-boxed elementor-section-height-default elementor-section-height-default\" data-id=\"dbe1281\" data-element_type=\"section\" data-e-type=\"section\">\n\t\t\t\t\t\t<div class=\"elementor-container elementor-column-gap-default\">\n\t\t\t\t\t<div class=\"elementor-column elementor-col-100 elementor-top-column elementor-element elementor-element-1b67cba\" data-id=\"1b67cba\" data-element_type=\"column\" data-e-type=\"column\">\n\t\t\t<div class=\"elementor-widget-wrap elementor-element-populated\">\n\t\t\t\t\t\t<div class=\"elementor-element elementor-element-87cbdb2 elementor-align-center elementor-widget elementor-widget-button\" data-id=\"87cbdb2\" data-element_type=\"widget\" data-e-type=\"widget\" data-widget_type=\"button.default\">\n\t\t\t\t<div class=\"elementor-widget-container\">\n\t\t\t\t\t\t\t\t\t<div class=\"elementor-button-wrapper\">\n\t\t\t\t\t<a class=\"elementor-button elementor-button-link elementor-size-sm\" href=\"https:\/\/wanderfreunde-rhein-sieg.info\/wp-content\/uploads\/2025\/12\/Beitrittserklaerung_251229.pdf\">\n\t\t\t\t\t\t<span class=\"elementor-button-content-wrapper\">\n\t\t\t\t\t\t\t\t\t<span class=\"elementor-button-text\">Aufnahmeantrag Wanderfreunde Rhein-Sieg<\/span>\n\t\t\t\t\t<\/span>\n\t\t\t\t\t<\/a>\n\t\t\t\t<\/div>\n\t\t\t\t\t\t\t\t<\/div>\n\t\t\t\t<\/div>\n\t\t\t\t\t<\/div>\n\t\t<\/div>\n\t\t\t\t\t<\/div>\n\t\t<\/section>\n\t\t\t\t<section class=\"elementor-section elementor-top-section elementor-element elementor-element-2cdfaf6 elementor-section-boxed elementor-section-height-default elementor-section-height-default\" data-id=\"2cdfaf6\" data-element_type=\"section\" data-e-type=\"section\">\n\t\t\t\t\t\t<div class=\"elementor-container elementor-column-gap-default\">\n\t\t\t\t\t<div class=\"elementor-column elementor-col-100 elementor-top-column elementor-element elementor-element-a7ee61b\" data-id=\"a7ee61b\" data-element_type=\"column\" data-e-type=\"column\">\n\t\t\t<div class=\"elementor-widget-wrap elementor-element-populated\">\n\t\t\t\t\t\t<div class=\"elementor-element elementor-element-2782ddd elementor-widget elementor-widget-text-editor\" data-id=\"2782ddd\" data-element_type=\"widget\" data-e-type=\"widget\" data-widget_type=\"text-editor.default\">\n\t\t\t\t<div class=\"elementor-widget-container\">\n\t\t\t\t\t\t\t\t\t<p><strong style=\"font-family: var( --e-global-typography-text-font-family ), Sans-serif; font-size: 1rem;\">Rabatt f\u00fcr Wanderfreunde bei Bunert und Intersport<\/strong><\/p><p>Mitglieder unseres Vereins bekommen bei<\/p><p>&#8211; Bunert &#8211; Der Siegburger Laufladen, M\u00fchlenstra\u00dfe 50, 53721 Siegburg<\/p><p>&#8211; INTERSPORT Sportpartner in Bonn, Friedrichstra\u00dfe 45, und bei<br \/>&#8211; INTERSPORT Dreschmann\u201c in Siegburg, Holzgasse 29-33<\/p><p>einen Rabatt von 10% auf nicht reduzierte Ware. \u00a0\u00a0<br \/>Wanderpass und\u00a0 Personalausweis m\u00fcssen vorgelegt werden<\/p>\t\t\t\t\t\t\t\t<\/div>\n\t\t\t\t<\/div>\n\t\t\t\t\t<\/div>\n\t\t<\/div>\n\t\t\t\t\t<\/div>\n\t\t<\/section>\n\t\t\t\t<\/div>\n\t\t","protected":false},"excerpt":{"rendered":"<p>Die Mitgliedschaft wird auf schriftlichen Antrag durch Beschluss des Vorstandes erworben. Der Jahresbeitrag f\u00fcr Einzelmitglieder betr\u00e4gt ab dem\u00a0 1.1.2026 36 \u20ac und f\u00fcr Ehepaare bzw. in ehe\u00e4hnlicher Gemeinschaft lebende Paare 60 \u20ac. Der Beitrag wird zu Beginn des Jahres per Lastschriftverfahren eingezogen. Erfolgt der Beitritt nach dem 30. Juni, so erm\u00e4\u00dfigt sich der Jahresbeitrag im &hellip; <\/p>\n<p class=\"link-more\"><a href=\"https:\/\/wanderfreunde-rhein-sieg.info\/?page_id=121\" class=\"more-link\"><span class=\"screen-reader-text\">\u201eMitgliedschaft\u201c<\/span> weiterlesen<\/a><\/p>\n","protected":false},"author":1,"featured_media":0,"parent":0,"menu_order":0,"comment_status":"closed","ping_status":"closed","template":"","meta":{"footnotes":""},"class_list":["post-121","page","type-page","status-publish","hentry"],"jetpack_sharing_enabled":true,"_links":{"self":[{"href":"https:\/\/wanderfreunde-rhein-sieg.info\/index.php?rest_route=\/wp\/v2\/pages\/121","targetHints":{"allow":["GET"]}}],"collection":[{"href":"https:\/\/wanderfreunde-rhein-sieg.info\/index.php?rest_route=\/wp\/v2\/pages"}],"about":[{"href":"https:\/\/wanderfreunde-rhein-sieg.info\/index.php?rest_route=\/wp\/v2\/types\/page"}],"author":[{"embeddable":true,"href":"https:\/\/wanderfreunde-rhein-sieg.info\/index.php?rest_route=\/wp\/v2\/users\/1"}],"replies":[{"embeddable":true,"href":"https:\/\/wanderfreunde-rhein-sieg.info\/index.php?rest_route=%2Fwp%2Fv2%2Fcomments&post=121"}],"version-history":[{"count":49,"href":"https:\/\/wanderfreunde-rhein-sieg.info\/index.php?rest_route=\/wp\/v2\/pages\/121\/revisions"}],"predecessor-version":[{"id":5849,"href":"https:\/\/wanderfreunde-rhein-sieg.info\/index.php?rest_route=\/wp\/v2\/pages\/121\/revisions\/5849"}],"wp:attachment":[{"href":"https:\/\/wanderfreunde-rhein-sieg.info\/index.php?rest_route=%2Fwp%2Fv2%2Fmedia&parent=121"}],"curies":[{"name":"wp","href":"https:\/\/api.w.org\/{rel}","templated":true}]}}